{"id":24,"date":"2017-05-07T12:45:02","date_gmt":"2017-05-07T10:45:02","guid":{"rendered":"http:\/\/centredialogue.creacore.be\/?page_id=24"},"modified":"2021-11-10T10:05:50","modified_gmt":"2021-11-10T09:05:50","slug":"notre-equipe-2","status":"publish","type":"page","link":"https:\/\/www.centredialogue.be\/index.php\/notre-equipe-2\/","title":{"rendered":"Notre \u00e9quipe pluridisciplinaire"},"content":{"rendered":"\n<h4>Logop\u00e9die<\/h4>\n<div style=\"text-align: left;\">\n<div id=\"attachment_231\" style=\"width: 235px\" class=\"wp-caption alignnone creacore-wrap\"><a href=\"\/index.php\/laurence-purnelle-logopede\/\"><img loading=\"lazy\" decoding=\"async\" aria-describedby=\"caption-attachment-231\" class=\"wp-image-231 size-medium team-pic\" src=\"https:\/\/www.centredialogue.be\/wp-content\/uploads\/2017\/05\/Laurence-Purnelle-Logopede-225x300.jpg\" alt=\"\" width=\"225\" height=\"300\" srcset=\"https:\/\/www.centredialogue.be\/wp-content\/uploads\/2017\/05\/Laurence-Purnelle-Logopede-225x300.jpg 225w, https:\/\/www.centredialogue.be\/wp-content\/uploads\/2017\/05\/Laurence-Purnelle-Logopede-768x1024.jpg 768w, https:\/\/www.centredialogue.be\/wp-content\/uploads\/2017\/05\/Laurence-Purnelle-Logopede-285x380.jpg 285w\" sizes=\"auto, (max-width: 225px) 100vw, 225px\" \/><\/a><p id=\"caption-attachment-231\" class=\"wp-caption-text\">Laurence Purnelle &#8211; Logop\u00e8de<\/p><\/div>\n<div id=\"attachment_239\" style=\"width: 235px\" class=\"wp-caption alignnone creacore-wrap\"><a href=\"\/index.php\/adeline-baert-logopede\/\"><img loading=\"lazy\" decoding=\"async\" aria-describedby=\"caption-attachment-239\" class=\"wp-image-239 size-medium team-pic\" src=\"https:\/\/www.centredialogue.be\/wp-content\/uploads\/2017\/08\/Adeline-Baert-Logopede-II-225x300.jpg\" alt=\"\" width=\"225\" height=\"300\" \/><\/a><p id=\"caption-attachment-239\" class=\"wp-caption-text\">Adeline Baert &#8211; Logop\u00e8de<\/p><\/div>\n<div id=\"attachment_233\" style=\"width: 235px\" class=\"wp-caption alignnone creacore-wrap\"><a href=\"\/index.php\/pauline-chauvidan-logopede\/\"><img loading=\"lazy\" decoding=\"async\" aria-describedby=\"caption-attachment-233\" class=\"wp-image-233 size-medium team-pic\" src=\"https:\/\/www.centredialogue.be\/wp-content\/uploads\/2017\/10\/Pauline-Chauvidan-Logo-225x300.jpg\" alt=\"\" width=\"225\" height=\"300\" \/><\/a><p id=\"caption-attachment-233\" class=\"wp-caption-text\">Pauline Chauvidan &#8211; Logop\u00e8de<\/p><\/div>\n<div id=\"attachment_238\" style=\"width: 235px\" class=\"wp-caption alignnone creacore-wrap\"><a href=\"\/index.php\/anne-gerard-logopede\/\"><img loading=\"lazy\" decoding=\"async\" aria-describedby=\"caption-attachment-238\" class=\"wp-image-238 size-medium team-pic\" src=\"https:\/\/www.centredialogue.be\/wp-content\/uploads\/2017\/07\/Anne-Gerard-logopede-II-225x300.jpg\" alt=\"\" width=\"225\" height=\"300\" \/><\/a><p id=\"caption-attachment-238\" class=\"wp-caption-text\">Anne G\u00e9rard &#8211; Logop\u00e8de<\/p><\/div>\n<div id=\"attachment_235\" style=\"width: 235px\" class=\"wp-caption alignnone creacore-wrap\"><a href=\"\/index.php\/audrey-gonzalez-logopede\/\"><img loading=\"lazy\" decoding=\"async\" aria-describedby=\"caption-attachment-235\" class=\"team-pic wp-image-235 size-medium\" src=\"https:\/\/www.centredialogue.be\/wp-content\/uploads\/2017\/05\/DSCN2569_II-225x300.jpg\" alt=\"\" width=\"225\" height=\"300\" \/><\/a><p id=\"caption-attachment-235\" class=\"wp-caption-text\">Audrey Gonzalez &#8211; Logop\u00e8de<\/p><\/div>\n<div id=\"attachment_695\" style=\"width: 226px\" class=\"wp-caption alignnone creacore-wrap\"><a href=\"\/index.php\/shannen-Lejeune-logopede\/\"><img loading=\"lazy\" decoding=\"async\" aria-describedby=\"caption-attachment-695\" class=\"team-pic wp-image-695 size-medium\" src=\"https:\/\/www.centredialogue.be\/wp-content\/uploads\/2019\/09\/Photo-site-Shannen-Lejeune-216x300.jpg\" alt=\"\" width=\"216\" height=\"300\" \/><\/a><p id=\"caption-attachment-695\" class=\"wp-caption-text\">Shannen Lejeune &#8211; Logop\u00e8de<\/p><\/div>\n<div id=\"attachment_694\" style=\"width: 231px\" class=\"wp-caption alignnone creacore-wrap\"><a href=\"\/index.php\/geraldine-zanetti-logopede\/\"><img loading=\"lazy\" decoding=\"async\" aria-describedby=\"caption-attachment-694\" class=\"team-pic wp-image-694 size-medium\" src=\"https:\/\/www.centredialogue.be\/wp-content\/uploads\/2019\/09\/Photo-site-Geraldine-Zanotti-221x300.jpg\" alt=\"\" width=\"221\" height=\"300\" \/><\/a><p id=\"caption-attachment-694\" class=\"wp-caption-text\">Geraldine Zanetti &#8211; Logop\u00e8de<\/p><\/div>\n<div id=\"attachment_710\" style=\"width: 235px\" class=\"wp-caption alignnone creacore-wrap\"><a href=\"https:\/\/www.centredialogue.be\/index.php\/fanny-gerber-logopede\/\"><img loading=\"lazy\" decoding=\"async\" aria-describedby=\"caption-attachment-710\" class=\"team-pic wp-image-710 size-medium\" src=\"https:\/\/www.centredialogue.be\/wp-content\/uploads\/2020\/01\/Fanny-Gerber-225x300.jpg\" alt=\"\" width=\"225\" height=\"300\" srcset=\"https:\/\/www.centredialogue.be\/wp-content\/uploads\/2020\/01\/Fanny-Gerber-225x300.jpg 225w, https:\/\/www.centredialogue.be\/wp-content\/uploads\/2020\/01\/Fanny-Gerber-768x1024.jpg 768w, https:\/\/www.centredialogue.be\/wp-content\/uploads\/2020\/01\/Fanny-Gerber-285x380.jpg 285w\" sizes=\"auto, (max-width: 225px) 100vw, 225px\" \/><\/a><p id=\"caption-attachment-710\" class=\"wp-caption-text\">Fanny Gerber &#8211; Logop\u00e8de<\/p><\/div>\n<\/div>\n<h4>Neuropsychologie<\/h4>\n<div style=\"text-align: left;\">\n<div id=\"attachment_234\" style=\"width: 235px\" class=\"wp-caption alignnone creacore-wrap\"><a href=\"\/index.php\/deborah-piette-neuropsychologue\/\"><img loading=\"lazy\" decoding=\"async\" aria-describedby=\"caption-attachment-234\" class=\"wp-image-234 size-medium team-pic\" src=\"https:\/\/www.centredialogue.be\/wp-content\/uploads\/2017\/08\/Deborah-Piette-Neuropsy-II-1-225x300.jpg\" alt=\"\" width=\"225\" height=\"300\" \/><\/a><p id=\"caption-attachment-234\" class=\"wp-caption-text\">D\u00e9borah Piette &#8211; Neuropsychologue<\/p><\/div>\n<\/div>\n<h4>Psychologie<\/h4>\n<div id=\"attachment_229\" style=\"width: 235px\" class=\"wp-caption alignnone creacore-wrap\"><a href=\"\/index.php\/rachelle-agnello-psychologue\/\"><img loading=\"lazy\" decoding=\"async\" aria-describedby=\"caption-attachment-229\" class=\"wp-image-229 size-medium team-pic\" src=\"https:\/\/www.centredialogue.be\/wp-content\/uploads\/2017\/05\/Rachelle-Agnello-Psychologue-225x300.jpg\" alt=\"\" width=\"225\" height=\"300\" srcset=\"https:\/\/www.centredialogue.be\/wp-content\/uploads\/2017\/05\/Rachelle-Agnello-Psychologue-225x300.jpg 225w, https:\/\/www.centredialogue.be\/wp-content\/uploads\/2017\/05\/Rachelle-Agnello-Psychologue-768x1024.jpg 768w, https:\/\/www.centredialogue.be\/wp-content\/uploads\/2017\/05\/Rachelle-Agnello-Psychologue-285x380.jpg 285w\" sizes=\"auto, (max-width: 225px) 100vw, 225px\" \/><\/a><p id=\"caption-attachment-229\" class=\"wp-caption-text\">Maria Agnello &#8211; Psychologue<br \/>&nbsp;<\/p><\/div>\n<div id=\"attachment_576\" style=\"width: 310px\" class=\"wp-caption alignnone creacore-wrap\"><a href=\"\/index.php\/audrey-bynens-psychologue\/\"><img loading=\"lazy\" decoding=\"async\" aria-describedby=\"caption-attachment-576\" class=\"team-pic wp-image-576 size-medium\" src=\"https:\/\/www.centredialogue.be\/wp-content\/uploads\/2018\/10\/Audrey-Bynens-300x225.jpg\" alt=\"\" width=\"300\" height=\"225\" srcset=\"https:\/\/www.centredialogue.be\/wp-content\/uploads\/2018\/10\/Audrey-Bynens-300x225.jpg 300w, https:\/\/www.centredialogue.be\/wp-content\/uploads\/2018\/10\/Audrey-Bynens-768x576.jpg 768w, https:\/\/www.centredialogue.be\/wp-content\/uploads\/2018\/10\/Audrey-Bynens-1024x768.jpg 1024w, https:\/\/www.centredialogue.be\/wp-content\/uploads\/2018\/10\/Audrey-Bynens-507x380.jpg 507w, https:\/\/www.centredialogue.be\/wp-content\/uploads\/2018\/10\/Audrey-Bynens.jpg 1280w\" sizes=\"auto, (max-width: 300px) 100vw, 300px\" \/><\/a><p id=\"caption-attachment-576\" class=\"wp-caption-text\">Audrey Bynens &#8211; Psychologue<br \/>&nbsp;<\/p><\/div>\n<div id=\"attachment_667\" style=\"width: 248px\" class=\"wp-caption alignnone creacore-wrap\"><a href=\"\/index.php\/andressa-rodrigues-castelli-psychologue\/\"><img loading=\"lazy\" decoding=\"async\" aria-describedby=\"caption-attachment-667\" class=\"wp-image-667 size-medium team-pic\" src=\"https:\/\/www.centredialogue.be\/wp-content\/uploads\/2019\/07\/Photo-site-Andressa-Rodrigues-Castelli-238x300.jpg\" alt=\"\" width=\"238\" height=\"300\" srcset=\"https:\/\/www.centredialogue.be\/wp-content\/uploads\/2019\/07\/Photo-site-Andressa-Rodrigues-Castelli-238x300.jpg 238w, https:\/\/www.centredialogue.be\/wp-content\/uploads\/2019\/07\/Photo-site-Andressa-Rodrigues-Castelli-768x970.jpg 768w, https:\/\/www.centredialogue.be\/wp-content\/uploads\/2019\/07\/Photo-site-Andressa-Rodrigues-Castelli-811x1024.jpg 811w, https:\/\/www.centredialogue.be\/wp-content\/uploads\/2019\/07\/Photo-site-Andressa-Rodrigues-Castelli-301x380.jpg 301w, https:\/\/www.centredialogue.be\/wp-content\/uploads\/2019\/07\/Photo-site-Andressa-Rodrigues-Castelli.jpg 1184w\" sizes=\"auto, (max-width: 238px) 100vw, 238px\" \/><\/a><p id=\"caption-attachment-667\" class=\"wp-caption-text\">Andressa Rodrigues Castelli &#8211; Psychologue<\/p><\/div>\n<h4>Psychomotricit\u00e9<\/h4>\n<div style=\"text-align: left;\">\n<div id=\"attachment_237\" style=\"width: 235px\" class=\"wp-caption alignnone creacore-wrap\"><a href=\"\/index.php\/sophie-martin-psychomotricienne\/\"><img loading=\"lazy\" decoding=\"async\" aria-describedby=\"caption-attachment-237\" class=\"wp-image-237 size-medium team-pic\" src=\"https:\/\/www.centredialogue.be\/wp-content\/uploads\/2017\/10\/Photo-site-Sophie-Martin-225x300.jpg\" alt=\"\" width=\"225\" height=\"300\" \/><\/a><p id=\"caption-attachment-237\" class=\"wp-caption-text\">Sophie Martin &#8211; Psychomotricienne<\/p><\/div>\n<\/div>\n<h4>Kin\u00e9sith\u00e9rapie<\/h4>\n<div id=\"attachment_634\" style=\"width: 179px\" class=\"wp-caption alignnone creacore-wrap\"><a href=\"https:\/\/www.centredialogue.be\/index.php\/anne-delvaux-kinesitherapeute\/\"><img loading=\"lazy\" decoding=\"async\" aria-describedby=\"caption-attachment-634\" class=\"wp-image-237 size-medium team-pic\" src=\"https:\/\/www.centredialogue.be\/wp-content\/uploads\/2019\/06\/photo-site-Anne-Delvaux-169x300.jpg\" alt=\"\" width=\"169\" height=\"300\" \/><\/a><p id=\"caption-attachment-634\" class=\"wp-caption-text\">Anne Delvaux &#8211; Kin\u00e9sith\u00e9rapeute<\/p><\/div>\n<div style=\"text-align: left;\">\u00a0<\/div>\n<h4>Di\u00e9t\u00e9tique<\/h4>\n<div style=\"text-align: left;\">\n<div id=\"attachment_230\" style=\"width: 235px\" class=\"wp-caption alignnone creacore-wrap\"><a href=\"\/index.php\/marie-pirretz-dieteticienne\/\"><img loading=\"lazy\" decoding=\"async\" aria-describedby=\"caption-attachment-230\" class=\"wp-image-230 size-medium team-pic\" src=\"https:\/\/www.centredialogue.be\/wp-content\/uploads\/2017\/08\/Marie-Pirretz-II-225x300.jpg\" alt=\"\" width=\"225\" height=\"300\" \/><\/a><p id=\"caption-attachment-230\" class=\"wp-caption-text\">Marie Pirretz &#8211; Di\u00e9t\u00e9ticienne<\/p><\/div>\n<\/div>\n<h4>Ost\u00e9opathie<\/h4>\n<div style=\"text-align: left;\">\n<p><a href=\"\/index.php\/alice-lemoine-ost\u00e9opathe\/\"><img loading=\"lazy\" decoding=\"async\" class=\"team-pic alignnone wp-image-736 size-medium\" src=\"https:\/\/www.centredialogue.be\/wp-content\/uploads\/2020\/02\/Photo-site-Alice-Lemoine-300x300.jpg\" alt=\"\" width=\"300\" height=\"300\" srcset=\"https:\/\/www.centredialogue.be\/wp-content\/uploads\/2020\/02\/Photo-site-Alice-Lemoine-300x300.jpg 300w, https:\/\/www.centredialogue.be\/wp-content\/uploads\/2020\/02\/Photo-site-Alice-Lemoine-1024x1024.jpg 1024w, https:\/\/www.centredialogue.be\/wp-content\/uploads\/2020\/02\/Photo-site-Alice-Lemoine-150x150.jpg 150w, https:\/\/www.centredialogue.be\/wp-content\/uploads\/2020\/02\/Photo-site-Alice-Lemoine-768x768.jpg 768w, https:\/\/www.centredialogue.be\/wp-content\/uploads\/2020\/02\/Photo-site-Alice-Lemoine-1536x1536.jpg 1536w, https:\/\/www.centredialogue.be\/wp-content\/uploads\/2020\/02\/Photo-site-Alice-Lemoine-2048x2048.jpg 2048w, https:\/\/www.centredialogue.be\/wp-content\/uploads\/2020\/02\/Photo-site-Alice-Lemoine-90x90.jpg 90w, https:\/\/www.centredialogue.be\/wp-content\/uploads\/2020\/02\/Photo-site-Alice-Lemoine-380x380.jpg 380w\" sizes=\"auto, (max-width: 300px) 100vw, 300px\" \/><\/a><\/p>\n<p><em>Alice Lemoine &#8211; Ost\u00e9opathe<\/em><\/p>\n<h4>\u00a0<\/h4>\n<h4>Coaching scolaire et parental<\/h4>\n<div style=\"text-align: left;\">\n<div id=\"attachment_237\" style=\"width: 235px\" class=\"wp-caption alignnone creacore-wrap\"><a href=\"\/index.php\/anne-solheid-coach-scolaire\/\"><img loading=\"lazy\" decoding=\"async\" aria-describedby=\"caption-attachment-237\" class=\"wp-image-237 size-medium team-pic\" src=\"https:\/\/www.centredialogue.be\/wp-content\/uploads\/2017\/05\/Anne-Solheid-Coach-scolaire-225x300.jpg\" alt=\"\" width=\"225\" height=\"300\" srcset=\"https:\/\/www.centredialogue.be\/wp-content\/uploads\/2017\/05\/Anne-Solheid-Coach-scolaire-225x300.jpg 225w, https:\/\/www.centredialogue.be\/wp-content\/uploads\/2017\/05\/Anne-Solheid-Coach-scolaire-768x1024.jpg 768w, https:\/\/www.centredialogue.be\/wp-content\/uploads\/2017\/05\/Anne-Solheid-Coach-scolaire-285x380.jpg 285w\" sizes=\"auto, (max-width: 225px) 100vw, 225px\" \/><\/a><p id=\"caption-attachment-237\" class=\"wp-caption-text\">Anne Solheid &#8211; Coach scolaire<\/p><\/div>\n<\/div>\n<p>MEDIATION FAMILIALE<\/p>\n<div id=\"attachment_629\" style=\"width: 310px\" class=\"wp-caption alignnone creacore-wrap\"><a href=\"https:\/\/www.centredialogue.be\/index.php\/veronique-nicolas-mediatrice-familiale\/\"><img loading=\"lazy\" decoding=\"async\" aria-describedby=\"caption-attachment-629\" class=\"wp-image-237 size-medium team-pic\" src=\"https:\/\/www.centredialogue.be\/wp-content\/uploads\/2019\/06\/V\u00e9ronique-Nicolas-300x300.jpg\" alt=\"\" width=\"300\" height=\"300\" \/><\/a><p id=\"caption-attachment-629\" class=\"wp-caption-text\">V\u00e9ronique Nicolas &#8211; M\u00e9diatrice familiale<\/p><\/div>\n<\/div>\n<\/div>\n<\/div>\n","protected":false},"excerpt":{"rendered":"<p>Logop\u00e9die Neuropsychologie Psychologie Psychomotricit\u00e9 Kin\u00e9sith\u00e9rapie \u00a0 Di\u00e9t\u00e9tique Ost\u00e9opathie Alice Lemoine &#8211; Ost\u00e9opathe \u00a0 Coaching scolaire et parental MEDIATION FAMILIALE<\/p>\n","protected":false},"author":1,"featured_media":0,"parent":0,"menu_order":0,"comment_status":"closed","ping_status":"closed","template":"","meta":{"footnotes":""},"class_list":["post-24","page","type-page","status-publish","hentry","without-featured-image"],"_links":{"self":[{"href":"https:\/\/www.centredialogue.be\/index.php\/wp-json\/wp\/v2\/pages\/24","targetHints":{"allow":["GET"]}}],"collection":[{"href":"https:\/\/www.centredialogue.be\/index.php\/wp-json\/wp\/v2\/pages"}],"about":[{"href":"https:\/\/www.centredialogue.be\/index.php\/wp-json\/wp\/v2\/types\/page"}],"author":[{"embeddable":true,"href":"https:\/\/www.centredialogue.be\/index.php\/wp-json\/wp\/v2\/users\/1"}],"replies":[{"embeddable":true,"href":"https:\/\/www.centredialogue.be\/index.php\/wp-json\/wp\/v2\/comments?post=24"}],"version-history":[{"count":76,"href":"https:\/\/www.centredialogue.be\/index.php\/wp-json\/wp\/v2\/pages\/24\/revisions"}],"predecessor-version":[{"id":758,"href":"https:\/\/www.centredialogue.be\/index.php\/wp-json\/wp\/v2\/pages\/24\/revisions\/758"}],"wp:attachment":[{"href":"https:\/\/www.centredialogue.be\/index.php\/wp-json\/wp\/v2\/media?parent=24"}],"curies":[{"name":"wp","href":"https:\/\/api.w.org\/{rel}","templated":true}]}}