{"id":293,"date":"2017-08-02T10:00:55","date_gmt":"2017-08-02T08:00:55","guid":{"rendered":"http:\/\/site-test.centredialogue.be\/?page_id=293"},"modified":"2022-12-03T14:36:24","modified_gmt":"2022-12-03T13:36:24","slug":"anne-solheid-coach-scolaire","status":"publish","type":"page","link":"https:\/\/www.centredialogue.be\/index.php\/anne-solheid-coach-scolaire\/","title":{"rendered":"Anne Solheid \u2013 Coach scolaire"},"content":{"rendered":"<h4><img loading=\"lazy\" decoding=\"async\" class=\"alignright wp-image-237 size-medium team-pic\" src=\"https:\/\/www.centredialogue.be\/wp-content\/uploads\/2017\/05\/Anne-Solheid-Coach-scolaire-225x300.jpg\" alt=\"\" width=\"225\" height=\"300\" srcset=\"https:\/\/www.centredialogue.be\/wp-content\/uploads\/2017\/05\/Anne-Solheid-Coach-scolaire-225x300.jpg 225w, https:\/\/www.centredialogue.be\/wp-content\/uploads\/2017\/05\/Anne-Solheid-Coach-scolaire-768x1024.jpg 768w, https:\/\/www.centredialogue.be\/wp-content\/uploads\/2017\/05\/Anne-Solheid-Coach-scolaire-285x380.jpg 285w\" sizes=\"auto, (max-width: 225px) 100vw, 225px\" \/>Titres&nbsp;:<\/h4>\n<p>-Enseignante<\/p>\n<p>-Coach<\/p>\n<p>-Formatrice<\/p>\n<h4>Mon parcours&nbsp;:<\/h4>\n<p>Enseignante de formation, j\u2019ai la chance de travailler dans ce domaine depuis plus de quinze ans.<\/p>\n<p>D\u00e9couverte des outils Faber et Mazlish, bas\u00e9s sur les principes fondamentaux de la communication bienveillante (H. Ginott). Une autre fa\u00e7on de communiquer, \u00e0 un moment o\u00f9 je me posais beaucoup de questions sur l\u2019Education et l\u2019importance du r\u00f4le de Parent ainsi que celui des professionnels de l\u2019\u00e9ducation.<\/p>\n<p>Certifi\u00e9e Faber et Mazlish et form\u00e9e aux Outils de L\u2019Atelier des Parents (Paris)<\/p>\n<p>Cr\u00e9ation de \u00ab&nbsp;Ecoute &amp; Dire&nbsp;\u00bb (Ateliers, formation et coaching) www.ecouteetdire.be<\/p>\n<p>Certifi\u00e9e en PNL Humaniste: praticienne- ma\u00eetre praticienne et coach.<\/p>\n<p>Sp\u00e9cialis\u00e9e dans le coaching scolaire et parental.<\/p>\n<p>Form\u00e9e au Brain gym- \u00e0 la \u00ab&nbsp;Th\u00e9orie du choix&nbsp;\u00bb &#8211; intelligences multiples , mind mapping, m\u00e9diation par les pairs,\u2026<\/p>\n<h4>Contact&nbsp;:<\/h4>\n<p>Je vous re\u00e7ois sur RDV les mercredi et samedi.<\/p>\n<p>\ud83d\udcde 0473 308376<\/p>\n","protected":false},"excerpt":{"rendered":"<p>Titres&nbsp;: -Enseignante -Coach -Formatrice Mon parcours&nbsp;: Enseignante de formation, j\u2019ai la chance de travailler dans ce domaine depuis plus de quinze ans. D\u00e9couverte des outils Faber et Mazlish, bas\u00e9s sur les principes fondamentaux de la communication bienveillante (H. Ginott). Une autre fa\u00e7on de communiquer, \u00e0 un moment o\u00f9 je me posais beaucoup de questions sur [&hellip;]<\/p>\n","protected":false},"author":1,"featured_media":0,"parent":0,"menu_order":0,"comment_status":"closed","ping_status":"closed","template":"","meta":{"footnotes":""},"class_list":["post-293","page","type-page","status-publish","hentry","without-featured-image"],"_links":{"self":[{"href":"https:\/\/www.centredialogue.be\/index.php\/wp-json\/wp\/v2\/pages\/293","targetHints":{"allow":["GET"]}}],"collection":[{"href":"https:\/\/www.centredialogue.be\/index.php\/wp-json\/wp\/v2\/pages"}],"about":[{"href":"https:\/\/www.centredialogue.be\/index.php\/wp-json\/wp\/v2\/types\/page"}],"author":[{"embeddable":true,"href":"https:\/\/www.centredialogue.be\/index.php\/wp-json\/wp\/v2\/users\/1"}],"replies":[{"embeddable":true,"href":"https:\/\/www.centredialogue.be\/index.php\/wp-json\/wp\/v2\/comments?post=293"}],"version-history":[{"count":6,"href":"https:\/\/www.centredialogue.be\/index.php\/wp-json\/wp\/v2\/pages\/293\/revisions"}],"predecessor-version":[{"id":1052,"href":"https:\/\/www.centredialogue.be\/index.php\/wp-json\/wp\/v2\/pages\/293\/revisions\/1052"}],"wp:attachment":[{"href":"https:\/\/www.centredialogue.be\/index.php\/wp-json\/wp\/v2\/media?parent=293"}],"curies":[{"name":"wp","href":"https:\/\/api.w.org\/{rel}","templated":true}]}}