{"id":311,"date":"2017-08-02T10:11:53","date_gmt":"2017-08-02T08:11:53","guid":{"rendered":"http:\/\/site-test.centredialogue.be\/?page_id=311"},"modified":"2019-06-05T12:51:44","modified_gmt":"2019-06-05T10:51:44","slug":"marine-streckx-kinesitherapeute","status":"publish","type":"page","link":"https:\/\/www.centredialogue.be\/index.php\/marine-streckx-kinesitherapeute\/","title":{"rendered":"Marine Streckx \u2013 Kin\u00e9sith\u00e9rapeute"},"content":{"rendered":"<h4>Titre\u00a0:<img loading=\"lazy\" decoding=\"async\" class=\"team-pic alignright wp-image-433 size-medium\" src=\"https:\/\/www.centredialogue.be\/wp-content\/uploads\/2017\/08\/Marine-Streckx-Kinesitherapeute-II-225x300.jpg\" alt=\"\" width=\"225\" height=\"300\" srcset=\"https:\/\/www.centredialogue.be\/wp-content\/uploads\/2017\/08\/Marine-Streckx-Kinesitherapeute-II-225x300.jpg 225w, https:\/\/www.centredialogue.be\/wp-content\/uploads\/2017\/08\/Marine-Streckx-Kinesitherapeute-II-768x1024.jpg 768w, https:\/\/www.centredialogue.be\/wp-content\/uploads\/2017\/08\/Marine-Streckx-Kinesitherapeute-II-285x380.jpg 285w, https:\/\/www.centredialogue.be\/wp-content\/uploads\/2017\/08\/Marine-Streckx-Kinesitherapeute-II.jpg 1836w\" sizes=\"auto, (max-width: 225px) 100vw, 225px\" \/><\/h4>\n<p>Kin\u00e9sith\u00e9rapeute, dipl\u00f4m\u00e9e de la Haute Ecole de la Province de Li\u00e8ge<\/p>\n<h4>Consultations\u00a0:<\/h4>\n<p>Mon r\u00f4le de kin\u00e9sith\u00e9rapeute est d\u2019\u00e9laborer le meilleur traitement suite \u00e0 la prescription du m\u00e9decin.<\/p>\n<p>Je r\u00e9alise aussi des examens et bilans de motricit\u00e9.<\/p>\n<p>Mes interventions sont destin\u00e9es \u00e0 rem\u00e9dier \u00e0 des troubles fonctionnels de nature musculo-squelettique, neurophysiologique, respiratoire, cardio-vasculaire et psychomotrice.<\/p>\n<p>Dans l\u2019ex\u00e9cution du traitement, je suis amen\u00e9e \u00e0 appliquer de multiples techniques allant des diverses formes de massage aux diff\u00e9rentes th\u00e9rapies ax\u00e9es sur le mouvement : mobilisations actives et passives, m\u00e9thodes sp\u00e9ciales de r\u00e9\u00e9ducation vert\u00e9brale, fonctionnelle ou psychomotrice, relaxation.<\/p>\n<p>Th\u00e9rapeutique pr\u00e9ventive ou curative, la kin\u00e9sith\u00e9rapie s\u2019appuie notamment sur la motricit\u00e9 et les moyens physiques non invasifs : la chaleur, les radiations et ondes produites par l\u2019\u00e9lectricit\u00e9 (physioth\u00e9rapie).<\/p>\n<p>Mon r\u00f4le est aussi d\u2019assister la future maman dans la pr\u00e9paration de son accouchement et la gestion de ses premiers pas dans la maternit\u00e9.<\/p>\n<p>Je vous propose \u00e9galement des techniques de renforcement de la m\u00e9thode De Gasquet. Plus qu\u2019un programme standard d\u2019exercices, cette technique est une \u00e9ducation personnalis\u00e9e qui tient compte de la morphologie de chacun dans sa globalit\u00e9 et des facteurs de risques. C\u2019est un travail de pr\u00e9vention et de renforcement qui repose sur la biom\u00e9canique et s\u2019applique \u00e0 tout \u00e2ge et toute situation, femme enceinte, sportif, lombalgique, etc et aussi, pour les efforts du quotidien.<\/p>\n<h4>Contact\u00a0:<\/h4>\n<p>Je vous re\u00e7ois sur RDV au cabinet les lundi, mardi et jeudi et \u00e0 domicile du lundi au samedi.<\/p>\n<p>GSM\u00a0: 0498 789046<\/p>\n","protected":false},"excerpt":{"rendered":"<p>Titre\u00a0: Kin\u00e9sith\u00e9rapeute, dipl\u00f4m\u00e9e de la Haute Ecole de la Province de Li\u00e8ge Consultations\u00a0: Mon r\u00f4le de kin\u00e9sith\u00e9rapeute est d\u2019\u00e9laborer le meilleur traitement suite \u00e0 la prescription du m\u00e9decin. Je r\u00e9alise aussi des examens et bilans de motricit\u00e9. Mes interventions sont destin\u00e9es \u00e0 rem\u00e9dier \u00e0 des troubles fonctionnels de nature musculo-squelettique, neurophysiologique, respiratoire, cardio-vasculaire et psychomotrice. [&hellip;]<\/p>\n","protected":false},"author":1,"featured_media":0,"parent":0,"menu_order":0,"comment_status":"closed","ping_status":"closed","template":"","meta":{"footnotes":""},"class_list":["post-311","page","type-page","status-publish","hentry","without-featured-image"],"_links":{"self":[{"href":"https:\/\/www.centredialogue.be\/index.php\/wp-json\/wp\/v2\/pages\/311","targetHints":{"allow":["GET"]}}],"collection":[{"href":"https:\/\/www.centredialogue.be\/index.php\/wp-json\/wp\/v2\/pages"}],"about":[{"href":"https:\/\/www.centredialogue.be\/index.php\/wp-json\/wp\/v2\/types\/page"}],"author":[{"embeddable":true,"href":"https:\/\/www.centredialogue.be\/index.php\/wp-json\/wp\/v2\/users\/1"}],"replies":[{"embeddable":true,"href":"https:\/\/www.centredialogue.be\/index.php\/wp-json\/wp\/v2\/comments?post=311"}],"version-history":[{"count":7,"href":"https:\/\/www.centredialogue.be\/index.php\/wp-json\/wp\/v2\/pages\/311\/revisions"}],"predecessor-version":[{"id":635,"href":"https:\/\/www.centredialogue.be\/index.php\/wp-json\/wp\/v2\/pages\/311\/revisions\/635"}],"wp:attachment":[{"href":"https:\/\/www.centredialogue.be\/index.php\/wp-json\/wp\/v2\/media?parent=311"}],"curies":[{"name":"wp","href":"https:\/\/api.w.org\/{rel}","templated":true}]}}