{"id":456,"date":"2017-10-12T11:13:44","date_gmt":"2017-10-12T09:13:44","guid":{"rendered":"http:\/\/site-test.centredialogue.be\/?page_id=456"},"modified":"2017-11-07T15:36:41","modified_gmt":"2017-11-07T14:36:41","slug":"liens-utiles","status":"publish","type":"page","link":"https:\/\/www.centredialogue.be\/index.php\/liens-utiles\/","title":{"rendered":"Liens utiles"},"content":{"rendered":"<h2>Sites Internet<\/h2>\n<h3>APEAD \u2013 Association de Parents d\u2019Enfants Aphasiques et Dysphasiques<\/h3>\n<h2><img loading=\"lazy\" decoding=\"async\" class=\"alignright size-medium wp-image-533\" src=\"https:\/\/www.centredialogue.be\/wp-content\/uploads\/2017\/10\/liens1-300x77.jpg\" alt=\"\" width=\"300\" height=\"77\" srcset=\"https:\/\/www.centredialogue.be\/wp-content\/uploads\/2017\/10\/liens1-300x77.jpg 300w, https:\/\/www.centredialogue.be\/wp-content\/uploads\/2017\/10\/liens1.jpg 343w\" sizes=\"auto, (max-width: 300px) 100vw, 300px\" \/><\/h2>\n<p><a href=\"http:\/\/www.apead.be\/fr\/\">http:\/\/www.apead.be\/fr\/<\/a><br \/>\nCe site a \u00e9t\u00e9 cr\u00e9\u00e9 par et pour les enfants dysphasiques et leurs parents. Il contient des t\u00e9moignages, des explications sur la dysphasie et sur sa prise en charge, ainsi que des informations sur les scolarit\u00e9s possibles.<\/p>\n<h3>APEDA \u2013 Association Pour Enfants en Difficult\u00e9s d\u2019Apprentissage<img loading=\"lazy\" decoding=\"async\" class=\"alignright wp-image-535 size-thumbnail\" src=\"https:\/\/www.centredialogue.be\/wp-content\/uploads\/2017\/10\/liens2-150x150.png\" alt=\"\" width=\"150\" height=\"150\" srcset=\"https:\/\/www.centredialogue.be\/wp-content\/uploads\/2017\/10\/liens2-150x150.png 150w, https:\/\/www.centredialogue.be\/wp-content\/uploads\/2017\/10\/liens2-90x90.png 90w\" sizes=\"auto, (max-width: 150px) 100vw, 150px\" \/><\/h3>\n<p><a href=\"http:\/\/www.apeda.be\/\">http:\/\/www.apeda.be\/<\/a><br \/>\nVous \u00eates parents, enseignants, professionnels de la sant\u00e9 ? Vous \u00eates \u00abdys\u00bb ? Vous d\u00e9sirez en savoir plus sur les troubles d\u2019apprentissage ? Ce site est pour vous !<\/p>\n<h3>Fondation Dyslexie<img loading=\"lazy\" decoding=\"async\" class=\"alignright size-full wp-image-536\" src=\"https:\/\/www.centredialogue.be\/wp-content\/uploads\/2017\/10\/liens3.jpg\" alt=\"\" width=\"202\" height=\"202\" srcset=\"https:\/\/www.centredialogue.be\/wp-content\/uploads\/2017\/10\/liens3.jpg 202w, https:\/\/www.centredialogue.be\/wp-content\/uploads\/2017\/10\/liens3-150x150.jpg 150w, https:\/\/www.centredialogue.be\/wp-content\/uploads\/2017\/10\/liens3-90x90.jpg 90w\" sizes=\"auto, (max-width: 202px) 100vw, 202px\" \/><\/h3>\n<p><a href=\"http:\/\/www.fondation-dyslexie.org\/\">http:\/\/www.fondation-dyslexie.org\/<\/a><br \/>\nCr\u00e9\u00e9e en septembre 2008, la Fondation Dyslexie a \u00e9t\u00e9 reconnue d\u2019Utilit\u00e9 Publique d\u00e8s le 12 novembre 2008. Son champ d\u2019activit\u00e9 : la francophonie internationale. La Fondation agit aupr\u00e8s des dyslexiques (enfants et jeunes en priorit\u00e9), des parents, des enseignants, des th\u00e9rapeutes, des responsables politiques et syndicaux des r\u00e9seaux d\u2019enseignement. Elle a ouvert en 2011 le chantier des dyslexiques adultes dans le monde du travail.<\/p>\n<h3>Cartable Fantastique<img loading=\"lazy\" decoding=\"async\" class=\"alignright size-full wp-image-537\" src=\"https:\/\/www.centredialogue.be\/wp-content\/uploads\/2017\/10\/liens4.jpg\" alt=\"\" width=\"213\" height=\"213\" srcset=\"https:\/\/www.centredialogue.be\/wp-content\/uploads\/2017\/10\/liens4.jpg 213w, https:\/\/www.centredialogue.be\/wp-content\/uploads\/2017\/10\/liens4-150x150.jpg 150w, https:\/\/www.centredialogue.be\/wp-content\/uploads\/2017\/10\/liens4-90x90.jpg 90w\" sizes=\"auto, (max-width: 213px) 100vw, 213px\" \/><\/h3>\n<p><a href=\"https:\/\/www.cartablefantastique.fr\/\">https:\/\/www.cartablefantastique.fr\/<\/a><br \/>\nLe Cartable Fantastique est une association qui propose des ressources permettant de faciliter la scolarit\u00e9 des enfants en situation de handicap, et plus particuli\u00e8rement dyspraxiques. Ces ressources naissent du croisement des regards de chercheurs en sciences cognitives et d\u2019enseignants.<\/p>\n<h3>Fantadys<img loading=\"lazy\" decoding=\"async\" class=\"alignright wp-image-540 size-thumbnail\" src=\"https:\/\/www.centredialogue.be\/wp-content\/uploads\/2017\/10\/liens5-150x150.jpg\" alt=\"\" width=\"150\" height=\"150\" srcset=\"https:\/\/www.centredialogue.be\/wp-content\/uploads\/2017\/10\/liens5-150x150.jpg 150w, https:\/\/www.centredialogue.be\/wp-content\/uploads\/2017\/10\/liens5-90x90.jpg 90w, https:\/\/www.centredialogue.be\/wp-content\/uploads\/2017\/10\/liens5.jpg 264w\" sizes=\"auto, (max-width: 150px) 100vw, 150px\" \/><\/h3>\n<p><a href=\"https:\/\/fantadys.com\/\">https:\/\/fantadys.com\/<\/a><br \/>\nFantadys est un blog sur les dys-f\u00e9rences, sur la vie autrement avec des enfants diff\u00e9rents : apprendre diff\u00e9remment (mind-mapping, par le jeu), \u00e9duquer autrement (\u00e9ducation positive et bienveillante) mais aussi des trucs et astuces pour se faciliter la vie au quotidien avec nos petits fantastiques !<\/p>\n<h3>TDA\/H Belgique \u2013 Trouble D\u00e9ficitaire de l\u2019Attention avec ou sans Hyperactivit\u00e9<img loading=\"lazy\" decoding=\"async\" class=\"alignright size-full wp-image-541\" src=\"https:\/\/www.centredialogue.be\/wp-content\/uploads\/2017\/10\/liens6.jpg\" alt=\"\" width=\"246\" height=\"245\" srcset=\"https:\/\/www.centredialogue.be\/wp-content\/uploads\/2017\/10\/liens6.jpg 246w, https:\/\/www.centredialogue.be\/wp-content\/uploads\/2017\/10\/liens6-150x150.jpg 150w, https:\/\/www.centredialogue.be\/wp-content\/uploads\/2017\/10\/liens6-90x90.jpg 90w\" sizes=\"auto, (max-width: 246px) 100vw, 246px\" \/><\/h3>\n<p><a href=\"http:\/\/www.tdah.be\/tdah\/\">http:\/\/www.tdah.be\/tdah\/<\/a><br \/>\nNous sommes tous diff\u00e9rents, c&rsquo;est cette diff\u00e9rence qui fait notre force et notre beaut\u00e9 int\u00e9rieure. Ensemble apprenons aux autres \u00e0 appr\u00e9cier nos diff\u00e9rences et celles de nos enfants.<\/p>\n<h2>LIVRES ET MAT\u00c9RIEL<\/h2>\n<h3>G\u00e9n\u00e9ration dyslecteurs<img loading=\"lazy\" decoding=\"async\" class=\"alignright size-full wp-image-542\" src=\"https:\/\/www.centredialogue.be\/wp-content\/uploads\/2017\/10\/liens7.jpg\" alt=\"\" width=\"150\" height=\"150\" srcset=\"https:\/\/www.centredialogue.be\/wp-content\/uploads\/2017\/10\/liens7.jpg 150w, https:\/\/www.centredialogue.be\/wp-content\/uploads\/2017\/10\/liens7-90x90.jpg 90w\" sizes=\"auto, (max-width: 150px) 100vw, 150px\" \/><\/h3>\n<p>Auteurs : Vincent Goetry et coll.<br \/>\nUn livre pour les parents, les enseignants, les th\u00e9rapeutes qui accompagnent l\u2019enfant dyslexique. Tout un chapitre y est consacr\u00e9 \u00e0 la Gestion Mentale, ce livre regorge de conseils pour les parents et d\u2019id\u00e9es d\u2019am\u00e9nagements scolaires pour les enseignants.<br \/>\nLivre en vente \u00e0 la Fondation Dyslexie (<a href=\"https:\/\/fondation-dyslexie.be\">https:\/\/fondation-dyslexie.be<\/a>) ou aux \u00e9ditions Erasme.<\/p>\n<h3>Philo et Sophie d\u00e9couvrent la plan\u00e8te t\u00eate<img loading=\"lazy\" decoding=\"async\" class=\"alignright size-full wp-image-543\" src=\"https:\/\/www.centredialogue.be\/wp-content\/uploads\/2017\/10\/liens8.jpg\" alt=\"\" width=\"150\" height=\"150\" srcset=\"https:\/\/www.centredialogue.be\/wp-content\/uploads\/2017\/10\/liens8.jpg 150w, https:\/\/www.centredialogue.be\/wp-content\/uploads\/2017\/10\/liens8-90x90.jpg 90w\" sizes=\"auto, (max-width: 150px) 100vw, 150px\" \/><\/h3>\n<p>Un chouette livre \u00e0 raconter aux jeunes et moins jeunes pour d\u00e9couvrir en douceur et en tentant des exp\u00e9riences le monde de la gestion mentale. Philo est dans la lune et Sophie toujours trop vive\u2026 Ensemble, ils nous emm\u00e8nent sur les chemins de la connaissance pour d\u00e9couvrir les strat\u00e9gies mentales permettant l\u2019attention.<br \/>\nLivre en vente sur le site de\u00a0tdah.be.<\/p>\n<h3>DVD \u00ab\u00a0Ortho\u00a0\u00bb<img loading=\"lazy\" decoding=\"async\" class=\"alignright size-full wp-image-544\" src=\"https:\/\/www.centredialogue.be\/wp-content\/uploads\/2017\/10\/liens9.jpg\" alt=\"\" width=\"150\" height=\"150\" srcset=\"https:\/\/www.centredialogue.be\/wp-content\/uploads\/2017\/10\/liens9.jpg 150w, https:\/\/www.centredialogue.be\/wp-content\/uploads\/2017\/10\/liens9-90x90.jpg 90w\" sizes=\"auto, (max-width: 150px) 100vw, 150px\" \/><\/h3>\n<p>Le DVD \u00ab\u00a0Ortho\u00a0\u00bb, r\u00e9alis\u00e9 par la Fondation Dyslexie, permet aux parents, enseignants et logop\u00e8des de discuter en groupe ou en individuel de la dyslexie, de l\u2019\u00e9cole id\u00e9ale, de ce qu\u2019est une prise en charge logop\u00e9dique, etc. Ce DVD donne des pistes, des conseils, et permet de comprendre le monde de l\u2019enfant dyslexique.<br \/>\n<span style=\"text-decoration: underline;\">Des objectifs concrets :<\/span><\/p>\n<ul>\n<li>Aider les \u00e9l\u00e8ves dyslexiques pour limiter leurs risques de d\u00e9crochage.<\/li>\n<li>Faire comprendre aux \u00e9l\u00e8ves non dyslexiques ce qui se passe pour leurs camarades qui sont atteints d\u2019un tel trouble d\u2019apprentissage.<\/li>\n<li>A travers l\u2019exemple de la dyslexie, faire prendre en compte \u00e0 tous les \u00e9l\u00e8ves de la r\u00e9alit\u00e9 des sympt\u00f4mes invisibles qui handicapent certains d\u2019entre eux. Une sensibilisation \u00e0 la tol\u00e9rance et aux diff\u00e9rences.<\/li>\n<\/ul>\n<p>DVD en vente \u00e0 la Fondation dyslexie\u00a0(<a href=\"https:\/\/fondation-dyslexie.be\">https:\/\/fondation-dyslexie.be<\/a>).<\/p>\n<h3>Voyage au pays de Grammaticalis<img loading=\"lazy\" decoding=\"async\" class=\"alignright size-thumbnail wp-image-545\" src=\"https:\/\/www.centredialogue.be\/wp-content\/uploads\/2017\/10\/liens10-150x150.jpg\" alt=\"\" width=\"150\" height=\"150\" srcset=\"https:\/\/www.centredialogue.be\/wp-content\/uploads\/2017\/10\/liens10-150x150.jpg 150w, https:\/\/www.centredialogue.be\/wp-content\/uploads\/2017\/10\/liens10-90x90.jpg 90w, https:\/\/www.centredialogue.be\/wp-content\/uploads\/2017\/10\/liens10.jpg 300w\" sizes=\"auto, (max-width: 150px) 100vw, 150px\" \/><\/h3>\n<p>\u00ab\u00a0Voyage au Pays de Grammaticalis\u00a0\u00bb\u00a0ou comment apprendre la grammaire autrement. Ce livre de Audrey Michiels s&rsquo;adresse aux enfants, aux parents, aux enseignants et th\u00e9rapeutes autour de l&rsquo;enfant.<\/p>\n","protected":false},"excerpt":{"rendered":"<p>Sites Internet APEAD \u2013 Association de Parents d\u2019Enfants Aphasiques et Dysphasiques http:\/\/www.apead.be\/fr\/ Ce site a \u00e9t\u00e9 cr\u00e9\u00e9 par et pour les enfants dysphasiques et leurs parents. Il contient des t\u00e9moignages, des explications sur la dysphasie et sur sa prise en charge, ainsi que des informations sur les scolarit\u00e9s possibles. APEDA \u2013 Association Pour Enfants en [&hellip;]<\/p>\n","protected":false},"author":1,"featured_media":0,"parent":0,"menu_order":0,"comment_status":"closed","ping_status":"closed","template":"","meta":{"footnotes":""},"class_list":["post-456","page","type-page","status-publish","hentry","without-featured-image"],"_links":{"self":[{"href":"https:\/\/www.centredialogue.be\/index.php\/wp-json\/wp\/v2\/pages\/456","targetHints":{"allow":["GET"]}}],"collection":[{"href":"https:\/\/www.centredialogue.be\/index.php\/wp-json\/wp\/v2\/pages"}],"about":[{"href":"https:\/\/www.centredialogue.be\/index.php\/wp-json\/wp\/v2\/types\/page"}],"author":[{"embeddable":true,"href":"https:\/\/www.centredialogue.be\/index.php\/wp-json\/wp\/v2\/users\/1"}],"replies":[{"embeddable":true,"href":"https:\/\/www.centredialogue.be\/index.php\/wp-json\/wp\/v2\/comments?post=456"}],"version-history":[{"count":9,"href":"https:\/\/www.centredialogue.be\/index.php\/wp-json\/wp\/v2\/pages\/456\/revisions"}],"predecessor-version":[{"id":546,"href":"https:\/\/www.centredialogue.be\/index.php\/wp-json\/wp\/v2\/pages\/456\/revisions\/546"}],"wp:attachment":[{"href":"https:\/\/www.centredialogue.be\/index.php\/wp-json\/wp\/v2\/media?parent=456"}],"curies":[{"name":"wp","href":"https:\/\/api.w.org\/{rel}","templated":true}]}}