{"id":645,"date":"2019-06-05T13:37:15","date_gmt":"2019-06-05T11:37:15","guid":{"rendered":"http:\/\/www.centredialogue.be\/?page_id=645"},"modified":"2019-06-05T13:37:15","modified_gmt":"2019-06-05T11:37:15","slug":"coaching-scolaire","status":"publish","type":"page","link":"https:\/\/www.centredialogue.be\/index.php\/coaching-scolaire\/","title":{"rendered":"Coaching scolaire"},"content":{"rendered":"<p>Le coaching scolaire est un accompagnement personnalis\u00e9 qui a pour objectif d&rsquo;aider les \u00e9tudiants qui rencontrent des difficult\u00e9s scolaires \u00e0 aller mieux, tout simplement.<\/p>\n<p>Manque de confiance en soi, d\u00e9crochage scolaire, manque de motivation, perte de moyens lors du passage des examens, difficult\u00e9s relationnelles avec les autres \u00e9l\u00e8ves, les raisons de recourir \u00e0 une coaching scolaire sont vari\u00e9es mais chaque coaching est unique.<\/p>\n<p>En effet, l\u2019objectif du coach, en proposant des solutions concr\u00e8tes comme une m\u00e9thode de travail adapt\u00e9e, est de permettre \u00e0 l&rsquo;\u00e9l\u00e8ve ou \u00e0 l&rsquo;\u00e9tudiant de travailler sur lui-m\u00eame pour (re)trouver progressivement la <strong>confiance en lui<\/strong> n\u00e9cessaire au d\u00e9veloppement de son potentiel.<\/p>\n","protected":false},"excerpt":{"rendered":"<p>Le coaching scolaire est un accompagnement personnalis\u00e9 qui a pour objectif d&rsquo;aider les \u00e9tudiants qui rencontrent des difficult\u00e9s scolaires \u00e0 aller mieux, tout simplement. Manque de confiance en soi, d\u00e9crochage scolaire, manque de motivation, perte de moyens lors du passage des examens, difficult\u00e9s relationnelles avec les autres \u00e9l\u00e8ves, les raisons de recourir \u00e0 une coaching [&hellip;]<\/p>\n","protected":false},"author":2,"featured_media":0,"parent":0,"menu_order":0,"comment_status":"closed","ping_status":"closed","template":"","meta":{"footnotes":""},"class_list":["post-645","page","type-page","status-publish","hentry","without-featured-image"],"_links":{"self":[{"href":"https:\/\/www.centredialogue.be\/index.php\/wp-json\/wp\/v2\/pages\/645","targetHints":{"allow":["GET"]}}],"collection":[{"href":"https:\/\/www.centredialogue.be\/index.php\/wp-json\/wp\/v2\/pages"}],"about":[{"href":"https:\/\/www.centredialogue.be\/index.php\/wp-json\/wp\/v2\/types\/page"}],"author":[{"embeddable":true,"href":"https:\/\/www.centredialogue.be\/index.php\/wp-json\/wp\/v2\/users\/2"}],"replies":[{"embeddable":true,"href":"https:\/\/www.centredialogue.be\/index.php\/wp-json\/wp\/v2\/comments?post=645"}],"version-history":[{"count":1,"href":"https:\/\/www.centredialogue.be\/index.php\/wp-json\/wp\/v2\/pages\/645\/revisions"}],"predecessor-version":[{"id":646,"href":"https:\/\/www.centredialogue.be\/index.php\/wp-json\/wp\/v2\/pages\/645\/revisions\/646"}],"wp:attachment":[{"href":"https:\/\/www.centredialogue.be\/index.php\/wp-json\/wp\/v2\/media?parent=645"}],"curies":[{"name":"wp","href":"https:\/\/api.w.org\/{rel}","templated":true}]}}