{"id":698,"date":"2019-09-26T14:39:31","date_gmt":"2019-09-26T12:39:31","guid":{"rendered":"http:\/\/www.centredialogue.be\/?page_id=698"},"modified":"2022-12-03T14:26:29","modified_gmt":"2022-12-03T13:26:29","slug":"shannen-lejeune-logopede","status":"publish","type":"page","link":"https:\/\/www.centredialogue.be\/index.php\/shannen-lejeune-logopede\/","title":{"rendered":"Shannen Lejeune &#8211; Logop\u00e8de"},"content":{"rendered":"<h4>Titre&nbsp;:<img loading=\"lazy\" decoding=\"async\" class=\"alignright\" src=\"https:\/\/www.centredialogue.be\/wp-content\/uploads\/2019\/09\/Photo-site-Shannen-Lejeune-216x300.jpg\" alt=\"\" width=\"216\" height=\"300\"><\/h4>\n<p>Dipl\u00f4m\u00e9e du bachelier en logop\u00e9die de la Haute Ecole de la Province de Li\u00e8ge<\/p>\n<p>Dipl\u00f4m\u00e9e du bachelier en psychomotricit\u00e9, amenant une vision plus globale de la personne (versant cognitif, affectif et moteur en interrelation constante)<\/p>\n<p>Pr\u00eate \u00e0 enrichir mes connaissances et \u00e0 am\u00e9liorer ma pratique en participant \u00e0 des formations continues dans divers domaines<\/p>\n<h4>Consultations :<\/h4>\n<p>Bilans et prises en charge d\u2019enfants et d\u2019adolescents pr\u00e9sentant :<\/p>\n<ul>\n<li>Des troubles du langage oral (retard de langage et de parole, dysphasie,\u2026)<\/li>\n<li>Des troubles du langage \u00e9crit (dyslexie, dysorthographie)<\/li>\n<li>Des troubles logico-math\u00e9matiques (dyscalculie)<\/li>\n<li>Des troubles attentionnels et mn\u00e9siques<\/li>\n<li>Des troubles du geste (dyspraxie)<\/li>\n<\/ul>\n<h4>Contact :<\/h4>\n<p>Je vous re\u00e7ois sur RDV au Centre Dialogue du mardi au vendredi de 15h \u00e0 20h.<\/p>\n<p>\ud83d\udcde 0497\/90.48.35<\/p>\n<p>\u2709\ufe0f shannen.lejeune@gmail.com<\/p>\n","protected":false},"excerpt":{"rendered":"<p>Titre&nbsp;: Dipl\u00f4m\u00e9e du bachelier en logop\u00e9die de la Haute Ecole de la Province de Li\u00e8ge Dipl\u00f4m\u00e9e du bachelier en psychomotricit\u00e9, amenant une vision plus globale de la personne (versant cognitif, affectif et moteur en interrelation constante) Pr\u00eate \u00e0 enrichir mes connaissances et \u00e0 am\u00e9liorer ma pratique en participant \u00e0 des formations continues dans divers domaines [&hellip;]<\/p>\n","protected":false},"author":2,"featured_media":0,"parent":0,"menu_order":0,"comment_status":"closed","ping_status":"closed","template":"","meta":{"footnotes":""},"class_list":["post-698","page","type-page","status-publish","hentry","without-featured-image"],"_links":{"self":[{"href":"https:\/\/www.centredialogue.be\/index.php\/wp-json\/wp\/v2\/pages\/698","targetHints":{"allow":["GET"]}}],"collection":[{"href":"https:\/\/www.centredialogue.be\/index.php\/wp-json\/wp\/v2\/pages"}],"about":[{"href":"https:\/\/www.centredialogue.be\/index.php\/wp-json\/wp\/v2\/types\/page"}],"author":[{"embeddable":true,"href":"https:\/\/www.centredialogue.be\/index.php\/wp-json\/wp\/v2\/users\/2"}],"replies":[{"embeddable":true,"href":"https:\/\/www.centredialogue.be\/index.php\/wp-json\/wp\/v2\/comments?post=698"}],"version-history":[{"count":7,"href":"https:\/\/www.centredialogue.be\/index.php\/wp-json\/wp\/v2\/pages\/698\/revisions"}],"predecessor-version":[{"id":1035,"href":"https:\/\/www.centredialogue.be\/index.php\/wp-json\/wp\/v2\/pages\/698\/revisions\/1035"}],"wp:attachment":[{"href":"https:\/\/www.centredialogue.be\/index.php\/wp-json\/wp\/v2\/media?parent=698"}],"curies":[{"name":"wp","href":"https:\/\/api.w.org\/{rel}","templated":true}]}}

Shannen Lejeune &#8211; Logopède

<h4>Titre&nbsp;:<img loading="lazy" decoding="async" class="alignright" src="https://www.centredialogue.be/wp-content/uploads/2019/09/Photo-site-Shannen-Lejeune-216x300.jpg" alt="" width="216" height="300"></h4>
<p>Diplômée du bachelier en logopédie de la Haute Ecole de la Province de Liège</p>
<p>Diplômée du bachelier en psychomotricité, amenant une vision plus globale de la personne (versant cognitif, affectif et moteur en interrelation constante)</p>
<p>Prête à enrichir mes connaissances et à améliorer ma pratique en participant à des formations continues dans divers domaines</p>
<h4>Consultations :</h4>
<p>Bilans et prises en charge d’enfants et d’adolescents présentant :</p>
<ul>
<li>Des troubles du langage oral (retard de langage et de parole, dysphasie,…)</li>
<li>Des troubles du langage écrit (dyslexie, dysorthographie)</li>
<li>Des troubles logico-mathématiques (dyscalculie)</li>
<li>Des troubles attentionnels et mnésiques</li>
<li>Des troubles du geste (dyspraxie)</li>
</ul>
<h4>Contact :</h4>
<p>Je vous reçois sur RDV au Centre Dialogue du mardi au vendredi de 15h à 20h.</p>
<p>📞 0497/90.48.35</p>
<p>✉️ shannen.lejeune@gmail.com</p>

<p>Titre&nbsp;: Diplômée du bachelier en logopédie de la Haute Ecole de la Province de Liège Diplômée du bachelier en psychomotricité, amenant une vision plus globale de la personne (versant cognitif, affectif et moteur en interrelation constante) Prête à enrichir mes connaissances et à améliorer ma pratique en participant à des formations continues dans divers domaines [&hellip;]</p>
