{"id":927,"date":"2021-11-10T09:22:43","date_gmt":"2021-11-10T08:22:43","guid":{"rendered":"http:\/\/www.centredialogue.be\/?page_id=927"},"modified":"2025-03-20T19:26:56","modified_gmt":"2025-03-20T18:26:56","slug":"jordane-legat-psychomotricienne-2","status":"publish","type":"page","link":"https:\/\/www.centredialogue.be\/index.php\/jordane-legat-psychomotricienne-2\/","title":{"rendered":"Jordane L\u00e9gat &#8211; Psychomotricienne"},"content":{"rendered":"\n<div class=\"wp-block-image is-style-rounded\"><figure class=\"alignright size-medium\"><img loading=\"lazy\" decoding=\"async\" width=\"228\" height=\"300\" src=\"https:\/\/www.centredialogue.be\/wp-content\/uploads\/2021\/11\/Photo-site-Jordane-Legat-228x300.jpg\" alt=\"\" class=\"wp-image-867\" srcset=\"https:\/\/www.centredialogue.be\/wp-content\/uploads\/2021\/11\/Photo-site-Jordane-Legat-228x300.jpg 228w, https:\/\/www.centredialogue.be\/wp-content\/uploads\/2021\/11\/Photo-site-Jordane-Legat-288x380.jpg 288w, https:\/\/www.centredialogue.be\/wp-content\/uploads\/2021\/11\/Photo-site-Jordane-Legat.jpg 343w\" sizes=\"auto, (max-width: 228px) 100vw, 228px\" \/><\/figure><\/div>\n\n\n\n<h4 class=\"wp-block-heading\">Titre&nbsp;:<\/h4>\n\n\n\n<p>Dipl\u00f4m\u00e9e du bachelier en psychomotricit\u00e9 et du bachelier d\u2019institutrice pr\u00e9scolaire.<\/p>\n\n\n\n<h4 class=\"wp-block-heading\">Formations \u00e0 venir&nbsp;:<\/h4>\n\n\n\n<ul class=\"wp-block-list\"><li>Formation en th\u00e9rapie psychomotrice&nbsp;;<\/li><li>Formation sur l\u2019\u00e9chelle de d\u00e9veloppement psychomoteur de la premi\u00e8re enfance&nbsp;;<\/li><li>Formation sur les troubles de l\u2019attention et les troubles de la coordination&nbsp;;<\/li><li>Etc.<\/li><\/ul>\n\n\n\n<h4 class=\"wp-block-heading\">Consultations&nbsp;:<\/h4>\n\n\n\n<p>\u2192 Pr\u00e9ventif&nbsp;:<br>Suivi individuel afin d\u2019aider l\u2019enfant \u00e0 acqu\u00e9rir les bases essentielles \u00e0 son d\u00e9veloppement.<\/p>\n\n\n\n<p>\u2192 R\u00e9-\u00e9ducationnel \/ th\u00e9rapeutique&nbsp;:<br>Bilan et suivi individuel d\u2019enfants et d\u2019adolescent pr\u00e9sentant entre autres :<\/p>\n\n\n\n<ul class=\"wp-block-list\"><li>Un retard global du d\u00e9veloppement psychomoteur&nbsp;;<\/li><li>Un trouble de l\u2019attention avec ou sans hyperactivit\u00e9&nbsp;;<\/li><li>Un trouble dans les apprentissages scolaires (dyspraxie, dyslexie, haut potentiel, etc.)&nbsp;;<\/li><li>Un trouble de la coordination&nbsp;;<\/li><li>Une inhibition motrice, une certaine lenteur&nbsp;;<\/li><li>Un trouble du d\u00e9veloppement psychomoteur&nbsp;;<\/li><li>Un trouble au niveau de la motricit\u00e9 fine&nbsp;: des difficult\u00e9s pour \u00e9crire, dessiner, lacer ses chaussures, etc. ;<\/li><li>Des difficult\u00e9s \u00e0 s\u2019organiser dans le temps et\/ou dans l\u2019espace ;<\/li><li>Des difficult\u00e9s pour g\u00e9rer ses \u00e9motions, angoisses ;<\/li><li>Un manque de confiance et d\u2019estime de soi&nbsp;;<\/li><li>Etc.<\/li><\/ul>\n\n\n\n<p>Le d\u00e9roulement du suivi individuel se d\u00e9roule comme suit&nbsp;:<\/p>\n\n\n\n<ul class=\"wp-block-list\"><li>Une anamn\u00e8se avec les parents retra\u00e7ant l\u2019histoire de l\u2019enfant&nbsp;;<\/li><li>Trois s\u00e9ances de bilans&nbsp;;<\/li><li>Une remise des conclusions.<\/li><\/ul>\n\n\n\n<h4 class=\"wp-block-heading\">Contact&nbsp;:<\/h4>\n\n\n<p>Je vous re\u00e7ois sur rendez-vous au centre Dialogue les mercredis et samedis<\/p>\n<p>\ud83d\udcde 0493\/54.45.58<\/p>\n<p>\u2709\ufe0f legatjordane.psychomot@gmail.com\u00a0<\/p>","protected":false},"excerpt":{"rendered":"<p>Titre&nbsp;: Dipl\u00f4m\u00e9e du bachelier en psychomotricit\u00e9 et du bachelier d\u2019institutrice pr\u00e9scolaire. Formations \u00e0 venir&nbsp;: Formation en th\u00e9rapie psychomotrice&nbsp;; Formation sur l\u2019\u00e9chelle de d\u00e9veloppement psychomoteur de la premi\u00e8re enfance&nbsp;; Formation sur les troubles de l\u2019attention et les troubles de la coordination&nbsp;; Etc. Consultations&nbsp;: \u2192 Pr\u00e9ventif&nbsp;:Suivi individuel afin d\u2019aider l\u2019enfant \u00e0 acqu\u00e9rir les bases essentielles \u00e0 son [&hellip;]<\/p>\n","protected":false},"author":1,"featured_media":0,"parent":0,"menu_order":0,"comment_status":"closed","ping_status":"closed","template":"","meta":{"footnotes":""},"class_list":["post-927","page","type-page","status-publish","hentry","without-featured-image"],"_links":{"self":[{"href":"https:\/\/www.centredialogue.be\/index.php\/wp-json\/wp\/v2\/pages\/927","targetHints":{"allow":["GET"]}}],"collection":[{"href":"https:\/\/www.centredialogue.be\/index.php\/wp-json\/wp\/v2\/pages"}],"about":[{"href":"https:\/\/www.centredialogue.be\/index.php\/wp-json\/wp\/v2\/types\/page"}],"author":[{"embeddable":true,"href":"https:\/\/www.centredialogue.be\/index.php\/wp-json\/wp\/v2\/users\/1"}],"replies":[{"embeddable":true,"href":"https:\/\/www.centredialogue.be\/index.php\/wp-json\/wp\/v2\/comments?post=927"}],"version-history":[{"count":5,"href":"https:\/\/www.centredialogue.be\/index.php\/wp-json\/wp\/v2\/pages\/927\/revisions"}],"predecessor-version":[{"id":1125,"href":"https:\/\/www.centredialogue.be\/index.php\/wp-json\/wp\/v2\/pages\/927\/revisions\/1125"}],"wp:attachment":[{"href":"https:\/\/www.centredialogue.be\/index.php\/wp-json\/wp\/v2\/media?parent=927"}],"curies":[{"name":"wp","href":"https:\/\/api.w.org\/{rel}","templated":true}]}}

Jordane Légat &#8211; Psychomotricienne

<div class="wp-block-image is-style-rounded"><figure class="alignright size-medium"><img loading="lazy" decoding="async" width="228" height="300" src="https://www.centredialogue.be/wp-content/uploads/2021/11/Photo-site-Jordane-Legat-228x300.jpg" alt="" class="wp-image-867" srcset="https://www.centredialogue.be/wp-content/uploads/2021/11/Photo-site-Jordane-Legat-228x300.jpg 228w, https://www.centredialogue.be/wp-content/uploads/2021/11/Photo-site-Jordane-Legat-288x380.jpg 288w, https://www.centredialogue.be/wp-content/uploads/2021/11/Photo-site-Jordane-Legat.jpg 343w" sizes="auto, (max-width: 228px) 100vw, 228px" /></figure></div>



<h4 class="wp-block-heading">Titre&nbsp;:</h4>



<p>Diplômée du bachelier en psychomotricité et du bachelier d’institutrice préscolaire.</p>



<h4 class="wp-block-heading">Formations à venir&nbsp;:</h4>



<ul class="wp-block-list"><li>Formation en thérapie psychomotrice&nbsp;;</li><li>Formation sur l’échelle de développement psychomoteur de la première enfance&nbsp;;</li><li>Formation sur les troubles de l’attention et les troubles de la coordination&nbsp;;</li><li>Etc.</li></ul>



<h4 class="wp-block-heading">Consultations&nbsp;:</h4>



<p>→ Préventif&nbsp;:<br>Suivi individuel afin d’aider l’enfant à acquérir les bases essentielles à son développement.</p>



<p>→ Ré-éducationnel / thérapeutique&nbsp;:<br>Bilan et suivi individuel d’enfants et d’adolescent présentant entre autres :</p>



<ul class="wp-block-list"><li>Un retard global du développement psychomoteur&nbsp;;</li><li>Un trouble de l’attention avec ou sans hyperactivité&nbsp;;</li><li>Un trouble dans les apprentissages scolaires (dyspraxie, dyslexie, haut potentiel, etc.)&nbsp;;</li><li>Un trouble de la coordination&nbsp;;</li><li>Une inhibition motrice, une certaine lenteur&nbsp;;</li><li>Un trouble du développement psychomoteur&nbsp;;</li><li>Un trouble au niveau de la motricité fine&nbsp;: des difficultés pour écrire, dessiner, lacer ses chaussures, etc. ;</li><li>Des difficultés à s’organiser dans le temps et/ou dans l’espace ;</li><li>Des difficultés pour gérer ses émotions, angoisses ;</li><li>Un manque de confiance et d’estime de soi&nbsp;;</li><li>Etc.</li></ul>



<p>Le déroulement du suivi individuel se déroule comme suit&nbsp;:</p>



<ul class="wp-block-list"><li>Une anamnèse avec les parents retraçant l’histoire de l’enfant&nbsp;;</li><li>Trois séances de bilans&nbsp;;</li><li>Une remise des conclusions.</li></ul>



<h4 class="wp-block-heading">Contact&nbsp;:</h4>


<p>Je vous reçois sur rendez-vous au centre Dialogue les mercredis et samedis</p>
<p>📞 0493/54.45.58</p>
<p>✉️ legatjordane.psychomot@gmail.com </p>

<p>Titre&nbsp;: Diplômée du bachelier en psychomotricité et du bachelier d’institutrice préscolaire. Formations à venir&nbsp;: Formation en thérapie psychomotrice&nbsp;; Formation sur l’échelle de développement psychomoteur de la première enfance&nbsp;; Formation sur les troubles de l’attention et les troubles de la coordination&nbsp;; Etc. Consultations&nbsp;: → Préventif&nbsp;:Suivi individuel afin d’aider l’enfant à acquérir les bases essentielles à son [&hellip;]</p>
